. List the prime factors of y.
2, 3
Suppose -5*v = -2*v + 6. Let g(z) = -z**2 + 2*z + 1. Let u be g(2). Let r = u - v. What are the prime factors of r?
3
Let s be (-3 - -1) + -1 + 7. Let g(k) = 3*k**3 + 2*k**2 - 2*k - 1. Let m be g(2). Suppose -44 = -s*p - 5*z, m = 5*p - z + 1. List the prime factors of p.
2, 3
Suppose 3 = -l + 4, 5*w + 5*l = 0. Let b = 8 - w. What are the prime factors of b?
3
Let o(i) be the second derivative of -7*i**3/6 - 6*i**2 + i. List the prime factors of o(-5).
23
Let m(x) = -x**3 - x - 6. Suppose -2*d + 16 = 2*d. Let g(w) = -w**3 - w**2 - 6. Let f(b) = d*g(b) - 3*m(b). What are the prime factors of f(-5)?
2
Let c(g) = 4*g**2 + g + 1. Let l be c(-1). Let o be 35 - (-2)/(l - 2). Suppose -o = -0*d - 4*d. What are the prime factors of d?
3
Suppose 0 = -83*k + 79*k + 872. List the prime factors of k.
2, 109
Let f(o) = o**2 + 2. Let l be f(-2). Let s = l + -4. Suppose s + 4 = 2*u. What are the prime factors of u?
3
Suppose 4*u - 46 = -2*o, o = -3*o - u + 85. List the prime factors of o.
3, 7
Let w(z) be the second derivative of -z**5/20 - 5*z**4/6 - 4*z**3/3 + 11*z**2/2 + z. What are the prime factors of w(-9)?
2
Suppose 4*d - 280 = -5*q, 2*d - 142 = -2*q - q. What are the prime factors of d?
5, 13
Let i = -155 - -246. What are the prime factors of i?
7, 13
Let m(l) = l**3 + 5*l**2 - 3*l - 7. Let g be m(-5). Let p(d) = -d**3 + 8*d**2 + 4*d - 6. What are the prime factors of p(g)?
2, 13
Suppose 16 = 4*u - 2*u. What are the prime factors of u?
2
Suppose 21*t = 16*t + 260. List the prime factors of t.
2, 13
What are the prime factors of 3/25*5 + 384/10?
3, 13
Suppose -2*j + 2*a + 276 = 6, 4*j - 2*a = 544. What are the prime factors of j?
137
Let g(s) = s**2 + 8*s + 4. Let u be g(-7). Let r = 0 - -3. What are the prime factors of u + r - (-13 + 1)?
2, 3
Let r(w) = w**2 + 2*w - 3. Let i = 4 - 3. Suppose 2*p + i = 3*u - 6, -4*p = -4*u + 8. List the prime factors of r(u).
2, 3
Let a(i) = 17*i - 24. List the prime factors of a(8).
2, 7
List the prime factors of 43/2*(-6)/(-3).
43
Let y(p) = -4*p**2 - 1 + 2*p**2 + 0 + 5*p**2. Let v be y(1). What are the prime factors of (-3)/(-3)*v - -20?
2, 11
Let w(y) = y - 3. List the prime factors of w(5).
2
Let l be -25*(-1)/(5/(-2)). Let k = 22 + l. What are the prime factors of k?
2, 3
What are the prime factors of -21*(4/(-3) + 0)?
2, 7
Let h = 5 + -3. List the prime factors of (1/h)/(5/110).
11
What are the prime factors of 434/10 + (-6)/15?
43
Suppose 4*y = x + 417, 3*x - 65 = -y + 49. Suppose 0*t - 5*t = -y. List the prime factors of t.
3, 7
Let a = -5 - -8. Suppose 0 = 2*g - 3 - 5. Let i = g + a. List the prime factors of i.
7
Suppose -4*v - 3*k + 181 = 0, 5*v + 0*v = 4*k + 265. List the prime factors of v.
7
Let u = -10 - -16. What are the prime factors of 6/(-4)*(-28)/u?
7
Suppose 8*l = 5*q + 4*l - 30, -l - 13 = -4*q. Suppose q*b - 97 = -33. What are the prime factors of b?
2
Let t = 44 + -21. List the prime factors of t.
23
Let n be (-1*2 + 4)*-6. Let j = -7 - -4. What are the prime factors of (-17)/j - 4/n?
2, 3
Let u be 2 + -13 + 3 + 0. Let t(b) = -2*b - 16. Let y(n) = -n. Let k(i) = -t(i) + y(i). List the prime factors of k(u).
2
Let g be (-156)/8 - 1/(-2). Let w = -7 - g. List the prime factors of w.
2, 3
Let y be (-1 + (-3)/(-6))*-6. Suppose -4*f + 12 = 4*n, -5*f + 55 = -y*n - 0. What are the prime factors of f?
2
Let s = 13 + 8. Suppose 5*k + s = 76. What are the prime factors of k?
11
Let z(t) = t**3 + t + 8. Let y be z(0). Suppose 0 = m - y - 8. What are the prime factors of m?
2
Suppose -h + 15 + 20 = 3*c, 0 = 3*c + 4*h - 23. What are the prime factors of c?
13
Suppose 13 - 3 = -n. Let g = 14 - n. What are the prime factors of g?
2, 3
Suppose m = -0*m + 1. Let s be (-2 - 0) + 42/3. What are the prime factors of (s/(-14))/(m/(-7))?
2, 3
Suppose 7 = 4*g + 3. Let b(z) be the third derivative of z**4/3 - z**3/6 - 3*z**2. What are the prime factors of b(g)?
7
Let m = -1 - -3. Let f be (-1)/m - (-69)/6. Let t = f + -7. What are the prime factors of t?
2
Let y = -7 + 15. Suppose -g + 11 + y = 0. What are the prime factors of g?
19
Let n = -20 - -45. List the prime factors of n.
5
Suppose 4*f = 3*o - 14, -1 + 3 = 4*o + 3*f. Suppose 0 = 3*z + 9, -o*y = -2*z + 7*z + 3. What are the prime factors of y?
2, 3
Suppose 9*b = 8*b + 73. What are the prime factors of b?
73
Suppose 330 = 5*q - 3*d, 3*q - 2*d + 90 - 287 = 0. What are the prime factors of q?
3, 23
Let z(x) = x**2 - 6*x + 10. Let u be z(7). Suppose 5*p - u = -2. List the prime factors of p.
3
List the prime factors of (-28)/(-2)*5/10.
7
Let l = 249 + -127. List the prime factors of l.
2, 61
Let a = -2 + 2. Let k be 0 + (-3 - a)*-4. List the prime factors of k/(-10)*10*-1.
2, 3
Suppose -32 = -4*p - 12. Suppose 5*z = 5*r - 95, p*z - 4*z + 2 = 0. What are the prime factors of r?
17
Let j(g) = -g**2 - 5*g + 2. Let q be j(-5). Suppose -2 = q*h - 0*h. What are the prime factors of (-168)/(-18) - h/(-3)?
3
Suppose 56*s = 53*s + 171. What are the prime factors of s?
3, 19
Let k(z) = 2*z + 8. Let m(r) = -4*r**3 - 2*r**2 + 2*r + 1. Let j be m(2). Let g be (-54)/(-10) + (-21)/j. List the prime factors of k(g).
2, 5
Suppose 0*r = 2*r - 8. Let x = -17 - -10. Let g = r - x. What are the prime factors of g?
11
Let i be (3 - 2) + 0 + 1. Suppose -f = -i*d - 6, 3 = -5*f + 3*d + 40. What are the prime factors of f?
2
Suppose 0 = -5*f + f. Suppose -2*v = -3*c - 2*c - 8, -4*v - 2*c + 64 = f. Let p = v + -3. List the prime factors of p.
11
Let b(n) = -n**2 + n + 5. Let f be b(0). Let l = 5 + f. What are the prime factors of l?
2, 5
Suppose 26 = 4*t + 14. Let g(h) = 2*h**2 + h. Let r be g(1). Suppose -3*f = -t - r. List the prime factors of f.
2
What are the prime factors of ((-12)/24)/(1/(-86))?
43
Let k(s) = -4*s + 12. Let t(r) = 8*r - 24. Let y(n) = -5*k(n) - 3*t(n). What are the prime factors of y(-11)?
2, 7
Suppose 2*y = -3*y + 55. What are the prime factors of y?
11
Let q = 45 - 32. Let t = q + 0. List the prime factors of t.
13
Suppose -a = 3*l - 65, -6*l - 5*a = -4*l - 39. What are the prime factors of l?
2, 11
Let a be (-19)/(-3) + (-13)/39. Suppose h - a = -2*t - 0*h, -t + 5*h = -25. List the prime factors of t.
5
Let s(n) = 4*n**3 + 14 + 2*n**3 - 5*n**3 + n - 2*n**3. What are the prime factors of s(0)?
2, 7
Let j(k) = -k**3 - 8*k**2 + 6*k. What are the prime factors of j(-9)?
3
Suppose 1 + 3 = -2*h, 5*h = -m - 5. Suppose 3*b = 2*b + 5*z - 3, 0 = m*b + 5*z - 75. List the prime factors of b.
2, 3
Let g be 58*1 - (-2 + 0). Let s = g - 41. List the prime factors of s.
19
Suppose -3*i = -2*l - 17, -3*i + 2*l = 4*l - 13. Suppose -69 = -4*o + x, -i*o = -o + 5*x - 87. List the prime factors of o.
2, 3
Suppose 3 = -l + 127. List the prime factors of l.
2, 31
Suppose -y + 4 = 2*u - 2, 0 = -5*u + 5*y. Suppose 2 = -u*a + 30. What are the prime factors of a?
2, 7
Suppose k = 0, 2*k - 110 = -3*d + 34. List the prime factors of d.
2, 3
Suppose -2*f + 88 = -0*f. List the prime factors of f.
2, 11
Let c = -7 - -9. Suppose 19 = 3*m - c*m. What are the prime factors of m?
19
Let j be (-2)/(-4) + (-7)/(-2). Let h be 3 - (0/3)/1. Suppose h*o - j = 2*o. List the prime factors of o.
2
Suppose 2*y = -2 - 6. Let f be ((-6)/(-8))/(y/(-64)). Suppose n = 3*n - f. What are the prime factors of n?
2, 3
Suppose 7 + 3 = -2*v. Let g(j) = j**3 + 7*j**2 + 8*j + 4. What are the prime factors of g(v)?
2, 7
Let s = 61 + -27. What are the prime factors of s?
2, 17
List the prime factors of -7 + 8 - (-49)/1.
2, 5
Suppose 4*s + s = 10. Suppose 0*o - c = -s*o + 21, 0 = -o - 2*c + 18. List the prime factors of o.
2, 3
What are the prime factors of 47 + 7/(21/6)?
7
Let b(m) = -m**3 + 4*m**2 + 6*m - 3. Let w(d) = 2*d + 3. Let i be w(3). Suppose -3*o - 8 = -x + i, x = 4*o + 21. What are the prime factors of b(x)?
2
Let x = 4 + -16. Let f(y) = y**2 + 12*y + 13. List the prime factors of f(x).
13
Let g = 30 + 19. What are the prime factors of g?
7
What are the prime factors of 39 - (-4)/(-2)*(-8)/(-16)?
2, 19
Let l = 4 - 2. Suppose -8 + 26 = -l*k. What are the prime factors of (-1)/(k/(-5) + -2)?
5
Let f = -30 - -54. Suppose 2*z - 4*l = 28, z - 3*l - l = f. List the prime factors of z.
2
Suppose -2 = 3*n - 152. List the prime factors of n.
2, 5
Suppose -3*g + 158 = -6*b + 2*b, 5*g + 